{"id":335,"date":"2017-04-28T06:02:06","date_gmt":"2017-04-28T06:02:06","guid":{"rendered":"http:\/\/relaunch.hotel-goelz.de\/?page_id=335"},"modified":"2026-03-01T17:24:43","modified_gmt":"2026-03-01T17:24:43","slug":"preise","status":"publish","type":"page","link":"https:\/\/www.hotel-goelz.de\/?page_id=335&lang=de","title":{"rendered":"Preise"},"content":{"rendered":"<p><strong>Preise:<\/strong><\/p>\n<table style=\"width: 404px; height: 158px;\">\n<tbody>\n<tr>\n<td><\/td>\n<td><\/td>\n<td>\u00a0\u00a0\u00a0\u00a0 Messe<\/td>\n<\/tr>\n<tr>\n<td>Doppelzimmer<\/td>\n<td>119 EUR<\/td>\n<td>\u00a0\u00a0 179 EUR<\/td>\n<\/tr>\n<tr>\n<td>Einzelzimmer<\/td>\n<td>\u00a0 69 EUR<\/td>\n<td>\u00a0\u00a0\u00a0\u00a0 89 EUR<\/td>\n<\/tr>\n<tr>\n<td>Einzelzimmer Etagendusche<\/td>\n<td>\u00a0 55 EUR<\/td>\n<td>\u00a0\u00a0\u00a0\u00a0 65 EUR<\/td>\n<\/tr>\n<\/tbody>\n<\/table>\n<p>F\u00fcr das Fr\u00fchst\u00fcck berechnen wir 10 EUR p.P. und Nacht<\/p>\n<p>Kinder bis 4 Jahren frei. Babybetten vorhanden.<\/p>\n<p>Alle Preise beinhalten freies WLAN, die Mehrwertsteuer und Service.<\/p>\n<p>Zus\u00e4tzliche Kosten:<br \/>\nAb 1.10. 2024 erhebt die Stadt Frankfurt von allen Personen, die eine entgeltliche \u00dcbernachtung in Anspruch nehmen, einen Tourismusbeitrag in H\u00f6he von EUR 2,- pro Person, pro \u00dcbernachtung. Dieser Betrag wird \u00fcber die Hotelbetriebe abgerechnet.<\/p>\n<p>Unsere Zimmer stehen Ihnen ab 14 Uhr zur Verf\u00fcgung.<\/p>\n<p>Wir bitten unsere G\u00e4ste die Zimmer bis 11 Uhr freizugeben.<\/p>\n<p>Bei Stornierung bis 8 Wochen vor Anreise fallen keine Stornierungskosten an. Bei Stornierung bis 6 Wochen vor Anreise 60 % des Zimmerpreises und bei Stornierung ab 4 Wochen vor Anreise, vorzeitiger Abreise oder Nichtankunft werden 80 % des Zimmerpreises berechnet.<br \/>\nReservierungen gelten als verbindlich, wenn diese durch uns schriftlich best\u00e4tigt wurden. Um<br \/>\nStornierungsgeb\u00fchren zu vermeiden, empfehlen wir eine Reiser\u00fccktrittsversicherung, die bei<br \/>\nvielen Kreditkarten im Preis inbegriffen ist. Hierzu empfehlen wir eine R\u00fcckfrage bei Ihrer<br \/>\nKreditkartengesellschaft oder Bank.<\/p>\n<table class=\" aligncenter\">\n<tbody>\n<tr>\n<td style=\"vertical-align: middle;\" height=\"29\">Wir akzeptieren :<\/td>\n<td style=\"vertical-align: middle;\"><img loading=\"lazy\" decoding=\"async\" class=\"alignnone size-full wp-image-251\" src=\"https:\/\/www.hotel-goelz.de\/wp-content\/uploads\/2017\/04\/Karten-1.jpg\" alt=\"\" width=\"167\" height=\"48\" \/><\/td>\n<\/tr>\n<\/tbody>\n<\/table>\n<p>&nbsp;<\/p>\n","protected":false},"excerpt":{"rendered":"<p>Preise: \u00a0\u00a0\u00a0\u00a0 Messe Doppelzimmer 119 EUR \u00a0\u00a0 179 EUR Einzelzimmer \u00a0 69 EUR \u00a0\u00a0\u00a0\u00a0 89 EUR Einzelzimmer Etagendusche \u00a0 55 EUR \u00a0\u00a0\u00a0\u00a0 65 EUR F\u00fcr das Fr\u00fchst\u00fcck berechnen wir 10 EUR p.P. und Nacht Kinder bis 4 Jahren frei. Babybetten &hellip; <a href=\"https:\/\/www.hotel-goelz.de\/?page_id=335&#038;lang=de\">Continue reading <span class=\"meta-nav\">&rarr;<\/span><\/a><\/p>\n","protected":false},"author":2,"featured_media":0,"parent":0,"menu_order":0,"comment_status":"closed","ping_status":"closed","template":"sidebar-page.php","meta":{"_monsterinsights_skip_tracking":false,"_monsterinsights_sitenote_active":false,"_monsterinsights_sitenote_note":"","_monsterinsights_sitenote_category":0,"footnotes":""},"class_list":["post-335","page","type-page","status-publish","hentry"],"yoast_head":"<!-- This site is optimized with the Yoast SEO plugin v27.0 - https:\/\/yoast.com\/product\/yoast-seo-wordpress\/ -->\n<title>Preise - Hotel Goelz<\/title>\n<meta name=\"robots\" content=\"index, follow, max-snippet:-1, max-image-preview:large, max-video-preview:-1\" \/>\n<link rel=\"canonical\" href=\"https:\/\/www.hotel-goelz.de\/?page_id=335&lang=de\" \/>\n<meta property=\"og:locale\" content=\"de_DE\" \/>\n<meta property=\"og:type\" content=\"article\" \/>\n<meta property=\"og:title\" content=\"Preise - Hotel Goelz\" \/>\n<meta property=\"og:description\" content=\"Preise: \u00a0\u00a0\u00a0\u00a0 Messe Doppelzimmer 119 EUR \u00a0\u00a0 179 EUR Einzelzimmer \u00a0 69 EUR \u00a0\u00a0\u00a0\u00a0 89 EUR Einzelzimmer Etagendusche \u00a0 55 EUR \u00a0\u00a0\u00a0\u00a0 65 EUR F\u00fcr das Fr\u00fchst\u00fcck berechnen wir 10 EUR p.P. und Nacht Kinder bis 4 Jahren frei. Babybetten &hellip; Continue reading &rarr;\" \/>\n<meta property=\"og:url\" content=\"https:\/\/www.hotel-goelz.de\/?page_id=335&amp;lang=de\" \/>\n<meta property=\"og:site_name\" content=\"Hotel Goelz\" \/>\n<meta property=\"article:modified_time\" content=\"2026-03-01T17:24:43+00:00\" \/>\n<meta property=\"og:image\" content=\"https:\/\/www.hotel-goelz.de\/wp-content\/uploads\/2017\/04\/Karten-1.jpg\" \/>\n\t<meta property=\"og:image:width\" content=\"167\" \/>\n\t<meta property=\"og:image:height\" content=\"48\" \/>\n\t<meta property=\"og:image:type\" content=\"image\/jpeg\" \/>\n<meta name=\"twitter:card\" content=\"summary_large_image\" \/>\n<meta name=\"twitter:label1\" content=\"Gesch\u00e4tzte Lesezeit\" \/>\n\t<meta name=\"twitter:data1\" content=\"2\u00a0Minuten\" \/>\n<script type=\"application\/ld+json\" class=\"yoast-schema-graph\">{\"@context\":\"https:\/\/schema.org\",\"@graph\":[{\"@type\":\"WebPage\",\"@id\":\"https:\/\/www.hotel-goelz.de\/?page_id=335&lang=de\",\"url\":\"https:\/\/www.hotel-goelz.de\/?page_id=335&lang=de\",\"name\":\"Preise - Hotel Goelz\",\"isPartOf\":{\"@id\":\"https:\/\/www.hotel-goelz.de\/#website\"},\"primaryImageOfPage\":{\"@id\":\"https:\/\/www.hotel-goelz.de\/?page_id=335&lang=de#primaryimage\"},\"image\":{\"@id\":\"https:\/\/www.hotel-goelz.de\/?page_id=335&lang=de#primaryimage\"},\"thumbnailUrl\":\"https:\/\/www.hotel-goelz.de\/wp-content\/uploads\/2017\/04\/Karten-1.jpg\",\"datePublished\":\"2017-04-28T06:02:06+00:00\",\"dateModified\":\"2026-03-01T17:24:43+00:00\",\"breadcrumb\":{\"@id\":\"https:\/\/www.hotel-goelz.de\/?page_id=335&lang=de#breadcrumb\"},\"inLanguage\":\"de\",\"potentialAction\":[{\"@type\":\"ReadAction\",\"target\":[\"https:\/\/www.hotel-goelz.de\/?page_id=335&lang=de\"]}]},{\"@type\":\"ImageObject\",\"inLanguage\":\"de\",\"@id\":\"https:\/\/www.hotel-goelz.de\/?page_id=335&lang=de#primaryimage\",\"url\":\"https:\/\/www.hotel-goelz.de\/wp-content\/uploads\/2017\/04\/Karten-1.jpg\",\"contentUrl\":\"https:\/\/www.hotel-goelz.de\/wp-content\/uploads\/2017\/04\/Karten-1.jpg\",\"width\":167,\"height\":48},{\"@type\":\"BreadcrumbList\",\"@id\":\"https:\/\/www.hotel-goelz.de\/?page_id=335&lang=de#breadcrumb\",\"itemListElement\":[{\"@type\":\"ListItem\",\"position\":1,\"name\":\"Home\",\"item\":\"https:\/\/www.hotel-goelz.de\/?page_id=69&lang=de\"},{\"@type\":\"ListItem\",\"position\":2,\"name\":\"Preise\"}]},{\"@type\":\"WebSite\",\"@id\":\"https:\/\/www.hotel-goelz.de\/#website\",\"url\":\"https:\/\/www.hotel-goelz.de\/\",\"name\":\"Hotel Goelz\",\"description\":\"\",\"potentialAction\":[{\"@type\":\"SearchAction\",\"target\":{\"@type\":\"EntryPoint\",\"urlTemplate\":\"https:\/\/www.hotel-goelz.de\/?s={search_term_string}\"},\"query-input\":{\"@type\":\"PropertyValueSpecification\",\"valueRequired\":true,\"valueName\":\"search_term_string\"}}],\"inLanguage\":\"de\"}]}<\/script>\n<!-- \/ Yoast SEO plugin. -->","yoast_head_json":{"title":"Preise - Hotel Goelz","robots":{"index":"index","follow":"follow","max-snippet":"max-snippet:-1","max-image-preview":"max-image-preview:large","max-video-preview":"max-video-preview:-1"},"canonical":"https:\/\/www.hotel-goelz.de\/?page_id=335&lang=de","og_locale":"de_DE","og_type":"article","og_title":"Preise - Hotel Goelz","og_description":"Preise: \u00a0\u00a0\u00a0\u00a0 Messe Doppelzimmer 119 EUR \u00a0\u00a0 179 EUR Einzelzimmer \u00a0 69 EUR \u00a0\u00a0\u00a0\u00a0 89 EUR Einzelzimmer Etagendusche \u00a0 55 EUR \u00a0\u00a0\u00a0\u00a0 65 EUR F\u00fcr das Fr\u00fchst\u00fcck berechnen wir 10 EUR p.P. und Nacht Kinder bis 4 Jahren frei. Babybetten &hellip; Continue reading &rarr;","og_url":"https:\/\/www.hotel-goelz.de\/?page_id=335&lang=de","og_site_name":"Hotel Goelz","article_modified_time":"2026-03-01T17:24:43+00:00","og_image":[{"width":167,"height":48,"url":"https:\/\/www.hotel-goelz.de\/wp-content\/uploads\/2017\/04\/Karten-1.jpg","type":"image\/jpeg"}],"twitter_card":"summary_large_image","twitter_misc":{"Gesch\u00e4tzte Lesezeit":"2\u00a0Minuten"},"schema":{"@context":"https:\/\/schema.org","@graph":[{"@type":"WebPage","@id":"https:\/\/www.hotel-goelz.de\/?page_id=335&lang=de","url":"https:\/\/www.hotel-goelz.de\/?page_id=335&lang=de","name":"Preise - Hotel Goelz","isPartOf":{"@id":"https:\/\/www.hotel-goelz.de\/#website"},"primaryImageOfPage":{"@id":"https:\/\/www.hotel-goelz.de\/?page_id=335&lang=de#primaryimage"},"image":{"@id":"https:\/\/www.hotel-goelz.de\/?page_id=335&lang=de#primaryimage"},"thumbnailUrl":"https:\/\/www.hotel-goelz.de\/wp-content\/uploads\/2017\/04\/Karten-1.jpg","datePublished":"2017-04-28T06:02:06+00:00","dateModified":"2026-03-01T17:24:43+00:00","breadcrumb":{"@id":"https:\/\/www.hotel-goelz.de\/?page_id=335&lang=de#breadcrumb"},"inLanguage":"de","potentialAction":[{"@type":"ReadAction","target":["https:\/\/www.hotel-goelz.de\/?page_id=335&lang=de"]}]},{"@type":"ImageObject","inLanguage":"de","@id":"https:\/\/www.hotel-goelz.de\/?page_id=335&lang=de#primaryimage","url":"https:\/\/www.hotel-goelz.de\/wp-content\/uploads\/2017\/04\/Karten-1.jpg","contentUrl":"https:\/\/www.hotel-goelz.de\/wp-content\/uploads\/2017\/04\/Karten-1.jpg","width":167,"height":48},{"@type":"BreadcrumbList","@id":"https:\/\/www.hotel-goelz.de\/?page_id=335&lang=de#breadcrumb","itemListElement":[{"@type":"ListItem","position":1,"name":"Home","item":"https:\/\/www.hotel-goelz.de\/?page_id=69&lang=de"},{"@type":"ListItem","position":2,"name":"Preise"}]},{"@type":"WebSite","@id":"https:\/\/www.hotel-goelz.de\/#website","url":"https:\/\/www.hotel-goelz.de\/","name":"Hotel Goelz","description":"","potentialAction":[{"@type":"SearchAction","target":{"@type":"EntryPoint","urlTemplate":"https:\/\/www.hotel-goelz.de\/?s={search_term_string}"},"query-input":{"@type":"PropertyValueSpecification","valueRequired":true,"valueName":"search_term_string"}}],"inLanguage":"de"}]}},"_links":{"self":[{"href":"https:\/\/www.hotel-goelz.de\/index.php?rest_route=\/wp\/v2\/pages\/335","targetHints":{"allow":["GET"]}}],"collection":[{"href":"https:\/\/www.hotel-goelz.de\/index.php?rest_route=\/wp\/v2\/pages"}],"about":[{"href":"https:\/\/www.hotel-goelz.de\/index.php?rest_route=\/wp\/v2\/types\/page"}],"author":[{"embeddable":true,"href":"https:\/\/www.hotel-goelz.de\/index.php?rest_route=\/wp\/v2\/users\/2"}],"replies":[{"embeddable":true,"href":"https:\/\/www.hotel-goelz.de\/index.php?rest_route=%2Fwp%2Fv2%2Fcomments&post=335"}],"version-history":[{"count":15,"href":"https:\/\/www.hotel-goelz.de\/index.php?rest_route=\/wp\/v2\/pages\/335\/revisions"}],"predecessor-version":[{"id":519,"href":"https:\/\/www.hotel-goelz.de\/index.php?rest_route=\/wp\/v2\/pages\/335\/revisions\/519"}],"wp:attachment":[{"href":"https:\/\/www.hotel-goelz.de\/index.php?rest_route=%2Fwp%2Fv2%2Fmedia&parent=335"}],"curies":[{"name":"wp","href":"https:\/\/api.w.org\/{rel}","templated":true}]}}